r = 15 + 43. Calculate the highest common factor of r and q.
29
Let l = -150 + 169. What is the highest common factor of l and 342?
19
Let h be (-2)/((1 - 2) + (-33)/(-55)). What is the highest common factor of 80 and h?
5
Let i = -9 + 14. Suppose 0 = w - 3, -i*w + 3 + 26 = -2*g. Let o = 3 - g. What is the highest common factor of o and 50?
10
Suppose 4*i = -0*l + 4*l + 56, -4*l - 3*i = 56. Let f be l/35 - 427/(-5). What is the highest common factor of 34 and f?
17
Let z be 2/18*99/22*10. Calculate the highest common factor of z and 24.
1
Suppose 4*h - 7*h - 1146 = -4*d, d - 284 = 2*h. Calculate the greatest common divisor of d and 9.
9
Suppose j - 2*p - 4 = 8, 5*j = -2*p. Suppose -h - 3*h + 204 = j*i, -h + 61 = 3*i. What is the greatest common factor of h and 7?
7
Let g = -1082 + 1490. What is the highest common factor of 544 and g?
136
Suppose 3*r + 26 + 287 = 4*v, -v + 64 = 4*r. Let s = -67 + v. Suppose 0 = l - 4*f - 23, 5*l - 10 = -0*f - f. What is the greatest common divisor of l and s?
3
Suppose 10 = u + p, 7 = 5*p - 18. Let s be (4/(-8))/(1/28). Let y(o) = -2*o - 13. Let a be y(s). Calculate the highest common divisor of a and u.
5
Suppose -71 + 13 = 2*b. Suppose -276 = -3*q + 4*g, -5*g = 13 + 2. Let f = q - b. Calculate the highest common factor of f and 13.
13
Let k be 8842/6 + 3/9. Calculate the greatest common factor of k and 22.
22
Suppose 0 = -9*x + 8*x + 8. Let l be (78/x)/((-21)/(-56)). Calculate the highest common divisor of l and 286.
26
Suppose x + 180 = 2*k - 0*x, 3*k - 272 = 2*x. Let w = 1019 - 997. Calculate the greatest common factor of k and w.
22
Suppose 4*f + 0*f - 4*s = 52, 4*f - 59 = -3*s. Let x be (9/(-27))/(((-1)/(-3))/(-1)). Calculate the greatest common factor of x and f.
1
Suppose 0*c = -3*c + 12, -5*x + 3*c = -1408. Suppose -8*f = -276 - x. What is the greatest common divisor of f and 42?
14
Let o = 3 - -141. Calculate the highest common divisor of 18 and o.
18
Suppose 0 = 3*f - f + 12. Let q = f - -44. Let m = -1082 - -1177. What is the highest common factor of m and q?
19
Let r(z) = -z**3 + 9*z**2 + 13*z - 21. Let a be r(9). What is the greatest common factor of 72 and a?
24
Let j = -682 - -732. Calculate the greatest common factor of 80 and j.
10
Let y(a) = 73*a + 75. Let d be y(5). Calculate the greatest common factor of d and 44.
44
Suppose -5*f - 404 = -f + 5*i, f + 3*i + 101 = 0. Let j = -58 - f. Calculate the highest common factor of 215 and j.
43
Let i(x) = -x + 39. Let y be i(-18). What is the highest common divisor of 38 and y?
19
Let w be (-204)/(-18) + ((-20)/(-12) - 1). Let o(x) = -x**3 + 5*x**2 - 2*x - 4. Let r be o(3). What is the highest common divisor of r and w?
4
Let k = 154 + 70. What is the highest common divisor of k and 24?
8
Let p be (10/3)/(2/9). Suppose 0 = -o - 3*x - 3, -3 = -10*o + 7*o - 5*x. What is the greatest common divisor of p and o?
3
Let b = -38 + 66. Let k = b - 16. Let u = 33 + 27. What is the highest common divisor of u and k?
12
Suppose -3*q - 2 = 2*z, -2*q = -4*z - 61 + 25. Let k(n) = n**3 + 6*n**2 - 9*n - 13. Let s be k(z). What is the greatest common divisor of 11 and s?
1
Let u = 8 + 42. Let c(l) = l**2 - 9. Let a be c(-3). Suppose a = -4*v + 3*r + 95, 2*r + 49 = 4*v - 41. Calculate the greatest common divisor of u and v.
10
Let k(v) = 2*v**2 + 0*v**2 + 4*v - v + 4. Let t be k(-3). What is the greatest common divisor of t and 143?
13
Let r = 456 - 365. What is the highest common divisor of r and 143?
13
Let z = 13 + 14. Let j = z - 19. What is the highest common factor of 1 and j?
1
Suppose 0 = 2*f + u - 41, 5*u = f - 0*u + 7. Calculate the greatest common divisor of 162 and f.
18
Let x = 0 - -24. Let m = 11 - 8. Calculate the highest common factor of m and x.
3
Suppose 20*x - 487 - 1673 = 0. Suppose 3*i = 152 - 44. Calculate the highest common divisor of x and i.
36
Let v be 5/1 + (-3 - -2). Suppose 514 = 3*x - i - v*i, 0 = -2*x + 4*i + 344. Let b be 1/(-2*(-2)/x). Calculate the highest common divisor of 6 and b.
6
Suppose 2*s + 5*b - 93 = 0, 4*s + b = 24 + 171. What is the highest common divisor of 392 and s?
49
Let l be 45/(-3)*(-10 - -7). Calculate the highest common divisor of l and 495.
45
Let u(o) = -o + 13. Let b be u(13). Let w be 4 + b + -1 - -97. Suppose -w = -n - 4*n. Calculate the greatest common divisor of 160 and n.
20
Let p(z) = 4*z**2 - 20*z - 151. Let y be p(-7). What is the highest common factor of y and 5?
5
Suppose -348 = -785*a + 779*a. What is the greatest common factor of 145 and a?
29
Suppose 9*w + u = 4*w + 140, -82 = -3*w - u. Let x = w - 27. Calculate the highest common divisor of 16 and x.
2
Suppose 0 = 8*g - 2*g. Let y = 16 + g. Suppose 5*m - y - 9 = 0, 0 = -j - 5*m + 36. Calculate the highest common divisor of 55 and j.
11
Let k(v) = 2*v**2 + 159*v + 11. Let q be k(-80). Suppose 3*z = 4*r - 0 - 49, 2*z = -r + 15. What is the greatest common divisor of q and r?
13
Suppose 0 = 75*r - 12*r - 4095. What is the greatest common factor of 195 and r?
65
Suppose -2*v - 23 + 3 = 0. Let t be (160/24)/v*(-45)/1. What is the greatest common divisor of 12 and t?
6
Let p be (-1)/(-4*1/(-100) - 0). Let r = p + 27. What is the greatest common divisor of 6 and r?
2
Let u = -453 + 474. Calculate the greatest common divisor of u and 504.
21
Suppose -24*t + 9*t = -645. What is the greatest common factor of 129 and t?
43
Suppose -4701 + 14601 = 66*p. What is the greatest common factor of p and 400?
50
Let c(q) = q**2 + 1. Let p(y) = 4*y**2 + 2*y + 2. Let x(w) = -3*c(w) + p(w). Let v be x(4). Calculate the greatest common factor of 23 and v.
23
Let b = 451 + -253. Calculate the greatest common factor of 27 and b.
9
Let a = 2167 + -2047. Calculate the greatest common factor of 100 and a.
20
Let c = -258 - -271. Calculate the greatest common divisor of c and 299.
13
Suppose -o - 3 = -f, -3*f + 2*o = -4*f + 6. Suppose -f*y = -2*y - 28. Suppose -255 = -7*q + 19 + 216. What is the highest common factor of y and q?
14
Let z = 2 - -1. Let b(p) = p**3 - 2*p**2 + p. Let g be b(z). Suppose 91*f = -4*w + 86*f + 9, -5*w + 36 = -2*f. Calculate the highest common divisor of g and w.
6
Let w(s) be the first derivative of 12*s**3 + 10 + 1/2*s**2 - 2*s. Let j be w(2). Calculate the highest common divisor of 24 and j.
24
Suppose 3*b - 5*c - 245 = 0, 5*b = c + 319 + 82. Calculate the highest common divisor of 30 and b.
10
Suppose -4*w = -4*j + 496 + 676, 3*w = 5*j - 1453. Suppose 5*y - 205 = -0*y. Calculate the greatest common factor of y and j.
41
Suppose 0 = 26*m - 24*m - 2*p - 546, 3*p - 1106 = -4*m. What is the greatest common divisor of 100 and m?
25
Let m be 4 + (-6)/((-36)/282). Suppose -11 = -f - 5*n - 2, -3*n + m = 3*f. What is the greatest common factor of 114 and f?
19
Let z = 74 + -20. Suppose -4*b - 5*w + 3*w - 8 = 0, -b + 4*w = -16. Suppose -u - 1 + 7 = b. What is the highest common divisor of z and u?
6
Let k(v) = v**3 + 32*v**2 + 255*v + 119. Let m be k(-16). Let h(b) = 4*b - 5. Let o be h(8). Calculate the highest common factor of m and o.
27
Let v be 20/(-8)*((-1)/(-1) - -1). Let r(n) = -n**3 - 2*n**2 + 13*n + 4. Let k be r(v). What is the highest common factor of 14 and k?
14
Suppose 5 = -5*m + 3*b - 7*b, -3*b = 5*m. Let i be 0/(-2) - (-5 + 5). Let k be 4*6 + i + m. Calculate the greatest common factor of 3 and k.
3
Let o be ((-6)/12)/(1/(-36)). Suppose 0 = 2*r - 3*i - 6, -5*r + 0*i - 2*i + 34 = 0. Let l = o - r. What is the greatest common divisor of l and 60?
12
Let y = -469 - -487. Calculate the greatest common factor of y and 4.
2
Let k = 19 - 21. Let m be (-11)/k + 7/(-14). Calculate the greatest common factor of m and 30.
5
Let c = -118 - -74. Let b be (-12)/(-66) + (-4568)/c. What is the greatest common divisor of b and 8?
8
Suppose -2*q = -t - 329 + 75, -635 = -5*q + t. Calculate the greatest common factor of 1016 and q.
127
Let y be ((-1)/(-4))/((-1)/(-20)). Suppose -4*a = -4*n - 448, -2*a + 5*a - y*n - 336 = 0. Suppose 0*r + 2*r = a. What is the highest common factor of r and 8?
8
Let m(q) = -q. Let c(u) = -12*u**2 + 4*u - 4. Let n(r) = -c(r) - 3*m(r). Let s be n(2). What is the greatest common factor of s and 10?
10
Suppose -1520 = -25*n - 15*n. Calculate the greatest common divisor of 817 and n.
19
Suppose -3*n + 33 = 2*g, -45*g + 44*g - 4*n 